*g - 8. What is the tens digit of x(f)?
4
Let t be (-235 - 25)*(-72)/15. Suppose 0 = 6*r - t - 4776. What is the thousands digit of r?
1
Suppose -11*k - 16 = -3*k. Let u(g) = -927*g - 16. What is the units digit of u(k)?
8
Let d(l) = 2*l**3 - 97*l**2 + 33*l - 239. What is the ten thousands digit of d(52)?
2
Let s(c) = -5*c**2 + 71*c + 5. Let b be s(-6). Let i = b + 1220. What is the tens digit of i?
1
Suppose -507*q - 1467354 = -600*q. What is the ten thousands digit of q?
1
Let n = 42 - 37. Suppose -n*t + 4*u - 14 = -2*t, 2*t + 3*u = 19. Suppose x = t*l - 15 + 114, 0 = -3*x + l + 287. What is the tens digit of x?
9
Let j = 812 - -17464. What is the ten thousands digit of j?
1
Let k(n) = n + 16. Let y be k(-19). What is the tens digit of (7 - (9 + y))*124?
2
Suppose -4*s + 29639 = -56677. What is the units digit of s?
9
Let u(j) = -107*j - 9. Let h be u(-6). Suppose h + 462 = 5*c. What is the tens digit of c?
1
Let g(q) = 5*q - 205. Let r be g(41). Suppose -4*f - 15 - 11 = 5*w, 19 = -3*w + f. What is the tens digit of (r - (-174)/(-15))*(w + 1)?
5
Let l(c) = c**2 + 9*c + 32. Let f(o) = 1. Let h(w) = -4*f(w) + l(w). What is the hundreds digit of h(-22)?
3
Suppose -7*k + 5 = -9. Suppose k*m = -r + 695, -r - 457 = -3*m + 588. What is the hundreds digit of m?
3
Suppose -21*n + 134332 + 218620 + 566680 = 0. What is the ten thousands digit of n?
4
Let p be (-1*(-1)/(-3))/(4/36). Let j be 8 - 8 - (p - 471). What is the tens digit of -5*j/(-12) - (-1)/2?
9
Suppose 3*d = -4*f + 28, 4*d = 5*f - 62 - 4. What is the units digit of (-202*1)/(1 + (-15)/f)?
4
Suppose -5*m = -2*k + 282, -5*k + 8 = -m - 30. Let f = 253 - 362. Let b = m - f. What is the tens digit of b?
5
Let n be 6/((-18)/(-21)) - -4. Let i(c) = -2*c**3 + 23*c**2 + 3*c - 5. Let v be i(n). Let y = -40 + v. What is the units digit of y?
9
Let x = -265 + 266. What is the hundreds digit of (1365/14 - -3)*2*x?
2
Suppose -30 = -5*s, -2*s - 941 - 7690 = -m. What is the units digit of m?
3
Let g(m) be the first derivative of -11*m**2/2 - 3*m + 138. Suppose 2*s = -2*o - 4 - 18, 31 = -5*o + s. What is the tens digit of g(o)?
7
Let n be 12*(-2)/15*175/10. Let o be 2694/4 - (-42)/n. Suppose -o = 104*v - 107*v. What is the hundreds digit of v?
2
Let g = 8881 + -47647. What is the units digit of 6/(-57) - (g/57 + -5)?
5
Let k = -981 - -266. Let t = k - -1632. What is the tens digit of t?
1
Let a(b) = 6*b**2 - 15*b. Let u be a(-1). Suppose -4496 = 5*w - u*w. What is the units digit of w?
1
Let u(a) = -a**2 + a - 1. Let j(h) = 3*h**2 - 5*h - 10. Let b(p) = -j(p) - 2*u(p). Let d be b(5). Suppose -141 = -d*t + 41. What is the units digit of t?
1
Let x(y) = y**2 - 6*y + 12. Let m be x(4). Suppose -m*o + 2064 = -0*o - 4*k, 1022 = 2*o - 4*k. What is the units digit of o?
1
Suppose -2*o - 8 = 0, 0*x + 2*x - 34 = -5*o. Suppose 3*w + u + 2*u - x = 0, -3*u - 3 = -3*w. Suppose 1 = k - 0, -120 = -5*p + w*k. What is the units digit of p?
5
Suppose 0*p + t + 1 = -2*p, 4*t = 2*p + 16. Let z(r) = 68*r**2 + 7*r. Let y(j) = j**2 - j. Let i(v) = 4*y(v) + z(v). What is the tens digit of i(p)?
8
Let f(a) = -23*a - 37. Let o(t) = -t - 2. Let b(r) = f(r) - 4*o(r). Let z be b(-7). Suppose -4*m = -16, 3*v + 5*m = z + 117. What is the tens digit of v?
6
Suppose -119*d = -124*d - 4*u + 613, 5*u + 515 = 4*d. Suppose 230 = -4*j - 5*k, k - 2 = -0*k. Let x = j + d. What is the tens digit of x?
6
Let n(w) = w + 15. Let l be n(-6). Suppose 9*z + l = -18. What is the tens digit of z*(3 - -9)*(-22)/6?
3
Let q be (323/(-38))/(1/9)*4/(-3). Let m = -89 - -125. Suppose -o + m = -q. What is the tens digit of o?
3
Suppose -h - 4*d = -3*h + 12, 0 = h + 4*d + 18. Let b be -3*h/(-3 - -9). Let c = b - -27. What is the tens digit of c?
2
Let a(s) = 1226*s**2 - 6*s + 14. Let t be a(-3). Suppose 16*o + t = 38*o. What is the units digit of o?
3
Suppose p = -d + 3*d - 48, -3*p = -12. Suppose d*k - 38794 = -8*k. What is the tens digit of k?
4
Let c = 282 + -193. Let h be 14/3*(-17)/(1190/(-30)). Suppose 0 = h*g - c + 13. What is the units digit of g?
8
Let o(v) = 95*v**2 + 29*v + 229. What is the thousands digit of o(-15)?
1
Let n be (20/(-30))/(-1 - 1210/(-1206)). Let h = 608 + n. What is the tens digit of h?
0
Let q(p) = 3*p**2 + 207*p - 185. What is the hundreds digit of q(-114)?
2
Let z(i) = -3 + 3*i - 3 - 13 - 6*i. Let x be z(-7). Suppose 5*w - w = -4, 0 = -x*o + 3*w + 225. What is the tens digit of o?
1
Let f = -579 - -585. Suppose 0 = 3*q + 5*n - 1202, -9*q + f*q + 3*n + 1242 = 0. What is the tens digit of q?
0
Let y = -9081 - -17741. What is the hundreds digit of y?
6
Suppose 38468 + 33884 = 38*t. Let d = t + -1355. What is the tens digit of d?
4
Let z = -12080 + 17765. What is the thousands digit of z?
5
Let k = -3 + 8. Suppose 152*w = -0*w. Suppose w = -k*x - 0*x + 110. What is the units digit of x?
2
Let a(b) = b**3 + 2*b**2 - 5*b + 2. Let r be a(2). Suppose r = 4*g - 0*g. Suppose 0 = -g*p - 2*p + 184. What is the units digit of p?
6
Let q = -15126 + 22754. What is the tens digit of q?
2
Suppose 0 = -b - h + 12, -3*b - 7*h = -6*h - 28. Let g(c) = 2*c**3 - 5*c**2 + 10*c + 5. What is the hundreds digit of g(b)?
7
Suppose 32040 = -839*s + 844*s. Suppose 12*l = -6*l + s. What is the tens digit of l?
5
What is the tens digit of 1139320/56*2/10?
6
Let d = 124 + -140. What is the units digit of (-24)/(-21)*(-5768)/d?
2
Let v = -3397 + 3432. What is the units digit of v?
5
Suppose b - 93 = -4*w, 5*b + 11 = w + 14. What is the tens digit of w?
2
Suppose -5*c = -4*h + 40333, 5*c + 4557 = 2*h - 15602. What is the units digit of h?
7
Let k(o) = 2707*o + 8120. What is the hundreds digit of k(23)?
3
Let h be (13/3)/(-6 + 3907/651). Let u = h - 1983. What is the units digit of u?
8
Let a(x) = 11*x**2 + 5*x - 11. Suppose -2*p = -17 + 11. Let h be a(p). Let z = 113 - h. What is the units digit of z?
0
Let y = 278 + -278. Suppose -6*f + 10*f + a - 2847 = y, -3*f - a = -2136. What is the tens digit of f?
1
Let s(d) = 1829*d + 175. What is the thousands digit of s(4)?
7
Suppose 0*d = n + 4*d - 2, 5*d = 4*n - 29. Suppose -7*w = -5*w + n, -3*w - 1689 = -5*x. What is the tens digit of x?
3
Suppose 0 = -a - 17 + 19. Suppose -2*z + a = -4. Suppose -2*f = f + 3*d - 3, z*f - 11 = 5*d. What is the units digit of f?
2
Let o(b) be the third derivative of 4/3*b**3 + 0 + 0*b + 1/12*b**4 + 14*b**2 + 1/20*b**5. What is the units digit of o(3)?
1
Suppose -q + 4*f = -17421, 0 = 5*q + 1020*f - 1023*f - 87037. What is the units digit of q?
5
Let d(o) = 2*o**2 - 87*o - 42. Let h be d(44). Suppose -h*t + 41*l + 506 = 37*l, 3*t + 4*l = 779. What is the units digit of t?
7
Suppose 0 = 4*m, -u + 20 = 2*m + 3*m. Suppose 0 = -c - 60 + u. Let r = c + 122. What is the units digit of r?
2
Suppose y - 4 = -1. Suppose -9*m = -8*m - y. Suppose 0*i + 4*i = 3*g - 369, -m*g + i + 360 = 0. What is the tens digit of g?
1
Suppose l - 7 + 2 = 0. Suppose 6*p = 179 + 73. Suppose -l*w + 252 = p. What is the tens digit of w?
4
Suppose -18687*n + 659617 = -18670*n. What is the thousands digit of n?
8
Suppose -14076 = -4*q + 4*i, -4*q = -2*q + 4*i - 7044. What is the hundreds digit of q?
5
Suppose -4*i + 98570 + 10230 = 0. What is the ten thousands digit of i?
2
Let u = 278 - 273. Suppose -4*y = 4*l - 3492, -u*y - 776 = 2*l - 5141. What is the tens digit of y?
7
Suppose 99 = r + 100, -5*r = 3*f - 21226. What is the hundreds digit of f?
0
Let j(g) = -g - 19. Let z be j(-13). Let h be z/(-48) - (-30)/16. What is the units digit of (-2)/(-4)*(-2 - -159)*h?
7
Let i be -13 - -15 - 480/2. Let z = 378 + i. Let f = 44 + z. What is the hundreds digit of f?
1
Let x be 2 - 1 - (-15 + 14). Suppose d + 17 = 5*h, -x*d - h + 7 = -3. Suppose 0*n = 4*s + d*n - 538, -5*s + 2*n = -684. What is the units digit of s?
6
Let c(a) = -4*a**3 - 333*a**2 + 325*a**2 + 0*a - 8 + a. What is the hundreds digit of c(-6)?
5
Let g = 0 + 0. Suppose 21*p = -378 + 441. Suppose -3*z - y + 358 + 88 = 0, g = -5*z - p*y + 746. What is the hundreds digit of z?
1
Let w(v) = 179*v**2 - 56*v - 46. What is the thousands digit of w(-9)?
4
Suppose -3*n + 56 = -l, -l - l - n - 84 = 0. Let i = l - -46. What is the tens digit of (-1)/i - (-1615)/34?
4
Let i = -74 - -84. What is the units digit of 4738/i - 1/5*4?
3
Let r = 10588 + 11292. What is the hundre